- 2*s - 23. Let g be o(-13). Let k(p) = 2*p**3 - 4*p**2 + 3*p - 2. Let z be k(g). Calculate the greatest common factor of 125 and z.
25
Suppose 3*y - 95 = -4*v, 2*v + 2*y = -v + 72. Let z be 1791/27 + 6*2/(-9). What is the greatest common divisor of v and z?
13
Suppose -2*w - 78 + 104 = 0. Calculate the highest common factor of 104 and w.
13
Let s be ((-300)/(-18))/((-3)/(-36)*2). What is the highest common divisor of s and 150?
50
Suppose 2*c - 4*c = -5*f - 31, 2*f - 2 = -4*c. Suppose -7 = 2*n - 3, 4*n = c*b - 20. Calculate the greatest common factor of 4 and b.
4
Let f be (30/105)/((-1)/(-21)). Suppose -123 + 33 = -f*w. What is the greatest common divisor of w and 75?
15
Suppose j - 30 = -0*j - 4*l, 5*l - 76 = -4*j. Let q = -9 - -11. What is the highest common factor of q and j?
2
Suppose -2 = n + 3*z, -4 = -4*n - 3*z + 6. Let g = 0 + n. Suppose g - 19 = -3*y. What is the greatest common factor of 40 and y?
5
Let x be ((-12)/10*9)/((-96)/960). What is the highest common factor of x and 144?
36
Let h(r) = -5*r - 19. Let g be h(-4). Let k be 2 - (g - 0) - -127. Calculate the highest common factor of 16 and k.
16
Let n(v) = 7*v**3 - 5*v**2 + 5*v - 2. Let b be n(6). Calculate the greatest common factor of 34 and b.
34
Let k = 12 + 45. Suppose -3613 = 9*i - 3784. What is the greatest common divisor of k and i?
19
Let v = 224 + -160. Calculate the highest common factor of v and 992.
32
Let g = 3802 + -1939. What is the highest common factor of g and 162?
81
Let t be (0 - (-7)/(-21))/((-6)/900). What is the highest common factor of 275 and t?
25
Suppose -25*c = -29*c + 56. Suppose 7*k = 35 + c. What is the highest common factor of k and 49?
7
Let t(k) = k + 25. Let s be t(1). Calculate the highest common factor of 8 and s.
2
Let c = -120 - -142. What is the greatest common divisor of 2 and c?
2
Let q = -932 + 1499. What is the highest common divisor of 42 and q?
21
Suppose 0 = 5*r - 6*r + 8. Let l be (r + -4)*1 + 146. What is the greatest common factor of l and 60?
30
Suppose 0 = -28*v - 4*v + 16992. Calculate the highest common divisor of 59 and v.
59
Suppose 4*u - 123 = 5. Let y = -76 + 110. Suppose 3*r - y = -10. What is the highest common divisor of u and r?
8
Suppose 0 = -2*w - 2836 + 10774. What is the greatest common factor of 81 and w?
81
Suppose 4*g - 3 = 21. Calculate the greatest common factor of g and 186.
6
Let a = -3 - -6. Suppose a*g - 6*g = 138. Let h = -35 - g. Calculate the greatest common divisor of h and 77.
11
Let u be 1960/24 + ((-12)/(-9) - 2). What is the greatest common factor of u and 18?
9
Suppose 0 = 67*c - 71*c + 616. Suppose 12*s - c = 5*s. Let y(f) = -f**2 - 12*f - 3. Let b be y(-6). Calculate the highest common divisor of s and b.
11
Let b(s) = 91*s**2 + 7*s. Let h be b(-1). Calculate the highest common factor of h and 294.
42
Suppose 19*g - 18*g + 79 = 0. Let v = g - -90. What is the highest common factor of 88 and v?
11
Let n = 531 - 245. Calculate the greatest common factor of n and 22.
22
Suppose 0 = -2*u - 0*u - 4*b - 10, -2*b - 1 = 5*u. Calculate the highest common factor of 2 and u.
1
Let q(v) = -v**2 - 11*v - 7. Let k be q(-10). Suppose p - 54 = k*p. Let l = -10 - p. What is the greatest common factor of l and 119?
17
Let o = 2 - 3. Let p be 9/(1 + o/(-2)). Let l = 326 - 284. What is the highest common divisor of l and p?
6
Suppose 0 = -2*i + 10, 19*s - 5*i = 23*s - 1925. Calculate the highest common divisor of 25 and s.
25
Let w = 54 - 55. Let t be -1 - -9 - (w - (1 - 0)). Calculate the greatest common divisor of t and 70.
10
Let j(b) = -b - 2. Let t be j(-5). Let h = -1036 + 1060. Calculate the highest common divisor of t and h.
3
Let v be (-4)/(-12) - (-92)/3. Let d = 31 + v. Let r(x) = -8*x - 1. Let l be r(-4). Calculate the highest common divisor of l and d.
31
Let h(b) = b**2 + 10*b + 20. Let d be h(-8). Suppose 72 = 4*y - d*z, -2*y - 15 = 5*z - 37. What is the highest common factor of y and 64?
16
Suppose -8*n + 168 = -0*n. Let d be 4/4 + 0 + n. What is the highest common factor of d and 242?
22
Let l = -217 + 251. Calculate the highest common factor of 17 and l.
17
Suppose -b = 6 + 6. Let w be ((-7)/(-4))/(3/b). Let k(m) = -m**3 - 7*m**2 - m + 5. Let u be k(w). Calculate the greatest common divisor of u and 8.
4
Let y be (960/(-150))/(2/(-15)). Calculate the highest common factor of 42 and y.
6
Suppose 5*i - 30 = -5*a, 0 = 5*i - 5*a + 3*a - 37. Let s be (-4)/(-16)*4 + -3. Let p = s + 16. What is the greatest common divisor of i and p?
7
Let w be 184/(-138)*(-6)/8. What is the highest common divisor of w and 8?
1
Let w(x) = -x**3 + 4*x**2 + 4. Let o be w(-3). Suppose 0 = -5*p + o + 93. Calculate the highest common factor of 288 and p.
32
Let b = 593 - 511. Calculate the highest common divisor of b and 369.
41
Suppose 3*f + 13 - 136 = 0. Let j = f - 24. Calculate the greatest common divisor of j and 85.
17
Suppose 4*v = 4, 2*q = q + v + 25. Calculate the highest common divisor of 169 and q.
13
Let p be (-7 - -19)*(-144)/(-1). Calculate the highest common divisor of p and 64.
64
Suppose 0*l = 2*l - 10. Suppose -237 = -l*s + 38. Let h = -28 + s. Calculate the highest common factor of h and 243.
27
Let r(i) = -i**2 - i + 18. Let m be r(0). Suppose 14 = 4*n - 3*n + b, -2 = -n - 4*b. Calculate the greatest common factor of n and m.
18
Suppose 14*t - 60 = 13*t. Let p = 11 - 1. Let g be (48/(-10))/((-2)/p). Calculate the highest common factor of t and g.
12
Let t be (23898/3)/7 + -7. What is the highest common factor of t and 39?
39
Let b be (-2)/(-7) - 396/(-84). Suppose -a = -b*a + 260. What is the highest common divisor of a and 26?
13
Suppose 12 = -8*g + 10*g. Let o be (-1)/(1/(-2)*g/33). What is the greatest common divisor of 22 and o?
11
Suppose 7*q - 58 = 3*q - 2*i, 0 = q + 4*i - 18. Let l be 144/((-63)/(-7)) + -2. Calculate the greatest common divisor of l and q.
14
Let d(t) = -7*t - 39. Let n be d(-6). Suppose -2*l - 4*f = -68, 4*f + 102 = n*l + 6*f. What is the greatest common factor of l and 136?
34
Let x = -1500 + 1502. Calculate the greatest common divisor of x and 37.
1
Let y be ((-3)/(-3) - 16) + 0. Let c = 15 + y. Suppose c = -3*a - 0 + 6. What is the highest common factor of 18 and a?
2
Suppose -4*y + 13 = -a, -a - y = 2*a. Let c be 11/(-33) - (a - (-103)/(-3)). What is the highest common divisor of 175 and c?
35
Suppose -3*r + 96 = -r. What is the highest common factor of 72 and r?
24
Let d(o) = -o**2 - 23*o + 69. Let i be d(-29). Let s = 115 + i. Let r = 53 - 33. What is the highest common divisor of s and r?
10
Suppose 0 = -53*i + 57*i - 152. Suppose 1660 = 4*l - 3*z, 0*l + 1274 = 3*l + 5*z. Calculate the highest common factor of l and i.
38
Let w = -106 + 201. Suppose 14 = -8*k + 46. Suppose -2*f = -k, -f = -m - 4*f + 25. What is the greatest common divisor of w and m?
19
Let i = -5 + 17. Let w(l) = -l**2 + 13*l - 4. Let y be w(i). Calculate the highest common factor of 2 and y.
2
Let o be 14/28*3528/(5 - -1). Suppose 7*i - 210 = 2*i. What is the highest common divisor of i and o?
42
Let u(s) = -s**2 + 8*s + 42. Let q be u(10). Suppose -q*l + 90 = -13*l. Calculate the highest common factor of l and 25.
5
Suppose -4*i - 2 + 6 = 0. Let l(m) = 19*m + 1. Let f be l(i). Suppose -5*j + 3*v = -14 - 17, -4*j + 4*v = -f. What is the greatest common factor of j and 2?
2
Let m(a) = a**3 + 10*a**2 - 12*a + 12. Let c be m(-8). Calculate the greatest common divisor of c and 59.
59
Let h(x) = x - 14. Suppose 40 = -4*p + 4*r, -2*p - 6 = -p + 3*r. Let m be h(p). Let a = 54 - m. Calculate the highest common divisor of a and 7.
7
Let a(h) = 5*h**3 - 14*h**2 + 11*h - 82. Let y be a(6). What is the greatest common divisor of y and 320?
80
Suppose 0 = -5*z + z. Suppose -r - r + 6 = z. Suppose t - 9 = -3*s - 2, 0 = s + 4*t + 5. Calculate the greatest common factor of r and s.
3
Let d be 17/((-136)/(-120)) - 9. What is the greatest common factor of 87 and d?
3
Let n be ((-24)/180)/(2/(-40))*-18. Let q = -38 - n. Suppose 4*y = y + 75. What is the greatest common divisor of y and q?
5
Suppose -3*o = -0*o - 30. Suppose 2*u - 20 = 6*u. Let d(c) = 3*c**2 + 6*c - 5. Let q be d(u). What is the greatest common divisor of o and q?
10
Suppose 257 + 663 = 8*n. Calculate the greatest common factor of n and 40.
5
Suppose